) = -b**2 - 15*b - 49. Give v(0).
-49
Let w(s) = 122*s + 375. Give w(-7).
-479
Let d(l) = -855*l + 3423. Calculate d(4).
3
Let z(b) = 46786*b - 187148. What is z(4)?
-4
Let u(x) = -24*x**2 + 11*x - 27. Give u(3).
-210
Let l(i) = -52*i**2 + 103*i + 18. Determine l(2).
16
Let x(a) = 670*a - 3350. Give x(5).
0
Let q(d) = d**2 + 45*d + 129. Give q(-36).
-195
Let g(b) = 28*b**3 + 2*b**2 + 3*b + 4. What is g(-2)?
-218
Let h(d) = -d**3 + 25*d**2 + d - 44. What is h(24)?
556
Let g(p) = -p**3 - 8*p**2 + 40*p + 282. Give g(-7).
-47
Let n(v) = -4*v + 57. What is n(4)?
41
Let t(f) = -21*f**3 + 3*f**2 + 5*f + 9. Give t(-2).
179
Let h(r) = -2*r**3 - 14*r**2 - 30*r - 24. What is h(-4)?
0
Let i(x) = 2*x**2 + 12*x - 781. Give i(17).
1
Let r(s) = 236*s**2 - 2121*s - 10. Give r(9).
17
Let y(m) = 5*m**3 + 21*m**2 - 231*m + 25. Give y(5).
20
Let m(n) = n**2 + 991*n + 5868. Calculate m(-6).
-42
Let v(c) = -314*c + 933. Calculate v(3).
-9
Let n(k) = -102*k + 41. Calculate n(2).
-163
Let b(n) = 6*n**2 + 185*n + 92. What is b(-28)?
-384
Let a(s) = 9*s**2 + 8*s + 9. Calculate a(-5).
194
Let l(h) = -4*h**3 + 57*h**2 + 180*h + 12. Give l(-3).
93
Let r(s) = 1363*s - 25893. What is r(19)?
4
Let b(n) = 6920*n - 34592. Give b(5).
8
Let d(t) = -202*t - 34. Give d(1).
-236
Let x(h) = h**2 + 31*h + 5. Calculate x(0).
5
Let b(s) = 14*s - 571. Determine b(42).
17
Let o(x) = 2*x**3 + 24*x**2 + 23*x - 12. What is o(-11)?
-23
Let q(z) = -15*z**2 - 16*z + 35. Give q(3).
-148
Let d(h) = h**2 + 61*h + 160. What is d(-54)?
-218
Let d(q) = -q**2 - 37*q - 264. Give d(-10).
6
Let m(i) = -6*i**2 + 25*i - 36. Determine m(2).
-10
Let j(d) = 124*d - 27. Determine j(1).
97
Let f(o) = 341*o + 3068. Calculate f(-9).
-1
Let r(a) = 151*a - 6330. Determine r(42).
12
Let y(i) = 2*i**3 + 45*i**2 - 608*i + 5. Calculate y(-32).
5
Let b(c) = -296*c - 2660. Determine b(-9).
4
Let k(s) = -146*s - 2595. Give k(-18).
33
Let f(t) = t**3 - 408*t**2 + 3566*t + 230. Determine f(9).
5
Let j(c) = c**2 + 138*c + 2076. Determine j(-120).
-84
Let b(j) = -7*j + 43. Determine b(7).
-6
Let u(d) = 11*d**2 + 15*d + 13. Calculate u(-5).
213
Let s(d) = -d**3 - 101*d**2 + 874*d + 33. Determine s(8).
49
Let d(u) = -u**2 + 232*u + 3696. What is d(-15)?
-9
Let f(u) = -u**3 - 5*u**2 - 10*u - 20. Determine f(-6).
76
Let v(p) = 53*p + 677. What is v(-13)?
-12
Let n(j) = -2*j**2 + 76*j - 719. Give n(21).
-5
Let m(h) = h**3 - 20*h**2 + 79*h + 4. Determine m(6).
-26
Let d(y) = -732*y - 6585. Calculate d(-9).
3
Let q(x) = 212*x + 8261. Determine q(-39).
-7
Let v(x) = -2*x**2 + 412*x - 20075. Calculate v(127).
-9
Let g(o) = -59*o + 122. Determine g(7).
-291
Let g(h) = 24*h**3 + 6*h**2 - 6*h - 9. Give g(-2).
-165
Let z(m) = m**3 - 17*m**2 + 86*m - 1092. What is z(16)?
28
Let s(z) = -2*z**3 + 2*z**2 - 3*z + 10. Give s(0).
10
Let d(u) = -60*u - 124. What is d(-2)?
-4
Let y(w) = w**3 + 29*w**2 + 179*w - 19. Determine y(-9).
-10
Let a(n) = -78*n + 2374. Calculate a(31).
-44
Let j(l) = -l**2 + 5*l + 245. What is j(18)?
11
Let c(n) = 101*n**3 - 7*n - 8. What is c(-1)?
-102
Let f(a) = -5*a**2 + 176*a - 1023. What is f(6)?
-147
Let k(s) = 19*s - 312. Calculate k(19).
49
Let f(n) = 5*n**3 + 43*n**2 - 21*n - 32. What is f(-9)?
-5
Let m(q) = -2*q**3 - 130*q**2 - 131*q - 213. Give m(-64).
-21
Let a(f) = -2*f**3 - 210*f**2 - 3*f - 313. What is a(-105)?
2
Let j(i) = 174*i - 13054. Calculate j(75).
-4
Let l(n) = 2*n**2 - 52*n + 76. Determine l(22).
-100
Let u(d) = -61*d + 131. Give u(6).
-235
Let j(y) = 10*y**2 - 3*y - 7. Give j(5).
228
Let o(y) = -y**3 - 86*y**2 - 176*y - 668. Determine o(-84).
4
Let t(y) = -y**3 - 40*y**2 + 52*y + 483. Determine t(-41).
32
Let s(m) = m**3 - 7*m**2 + 28*m - 57. Calculate s(4).
7
Let x(a) = 391*a - 10073. What is x(26)?
93
Let f(c) = 6*c**2 + 4*c - 17. Give f(4).
95
Let u(c) = -12*c**2 - 3*c + 58. Give u(4).
-146
Let c(y) = 141*y - 106. What is c(3)?
317
Let t(l) = -2*l**3 - 22*l**2 + 2*l + 43. Give t(-11).
21
Let f(q) = -3*q**3 + 32*q**2 + 33*q - 36. Give f(12).
-216
Let s(t) = t**3 - 75*t**2 + 350*t - 9. Determine s(70).
-9
Let z(b) = 1069*b + 17130. Calculate z(-16).
26
Let y(p) = -p**2 - 58*p + 138. Give y(-60).
18
Let w(v) = v**2 + 46*v - 325. Give w(-52).
-13
Let r(p) = 24*p**2 + 109*p + 99. What is r(-1)?
14
Let y(j) = -j**3 - 12*j**2 - 10*j + 31. Determine y(-10).
-69
Let t(y) = 12*y**2 - 78*y - 6. What is t(7)?
36
Let r(y) = y**3 + 19*y**2 + 29*y - 20. Calculate r(-18).
-218
Let c(y) = 5*y**3 - 2*y**2 - 80*y + 179. Calculate c(4).
147
Let o(j) = -117*j**2 - 11*j + 15. Give o(2).
-475
Let l(c) = c**2 + 6*c - 241. What is l(13)?
6
Let v(l) = -246*l - 123. Determine v(-2).
369
Let v(l) = l**2 - 88*l - 1044. What is v(98)?
-64
Let p(k) = 2*k**3 - 7*k**2 - 8*k + 15. Give p(-5).
-370
Let q(d) = 2*d**2 + 873*d + 4317. Determine q(-5).
2
Let u(o) = -15*o - 170. Calculate u(-4).
-110
Let r(f) = -3*f**3 + 3*f**2 + 5*f + 2. Calculate r(-3).
95
Let h(n) = -151*n**2 - 2. Determine h(1).
-153
Let k(o) = -3*o + 3. What is k(2)?
-3
Let x(g) = 2*g**3 + g**2 + 32*g - 117. What is x(3)?
42
Let o(q) = q**2 - 224*q + 5982. Calculate o(193).
-1
Let o(f) = 37*f + 27. Give o(-2).
-47
Let u(v) = -3*v**2 - 11*v + 10. Calculate u(-6).
-32
Let n(j) = -13*j**2 - 690*j - 49. Calculate n(-53).
4
Let a(k) = -4*k**2 + 162*k + 52. What is a(32)?
1140
Let k(a) = -129*a - 14337. What is k(-111)?
-18
Let j(p) = p**3 + 3*p**2 - 51*p + 19. Calculate j(-9).
-8
Let u(m) = -419*m + 10814. What is u(26)?
-80
Let i(n) = -2*n**2 + 28*n - 75. Calculate i(12).
-27
Let f(l) = 14*l + 23. Determine f(-23).
-299
Let u(c) = c**3 + 12*c**2 + 85*c + 171. Calculate u(-3).
-3
Let r(c) = -c**3 + 10*c**2 + 32*c + 335. Calculate r(14).
-1
Let v(f) = -23*f + 30. Determine v(5).
-85
Let b(a) = a**3 - 52*a**2 - 67*a + 470. Give b(53).
-272
Let y(r) = -538*r + 4838. Calculate y(9).
-4
Let p(x) = 836*x + 192. What is p(0)?
192
Let p(s) = -s**3 + 49*s**2 + 163*s - 324. Give p(52).
40
Let p(g) = -2*g**2 - 35*g - 124. Determine p(-11).
19
Let f(q) = -9*q**3 + 79*q**2 + 150*q - 6. Calculate f(-2).
82
Let x(m) = -m**3 - 219*m**2 - 1904*m - 2932. What is x(-210)?
8
Let f(r) = -r**2 + 19*r - 72. What is f(16)?
-24
Let h(d) = -2*d**2 - 62*d + 4. Give h(-21).
424
Let c(v) = -70*v - 1198. Calculate c(-18).
62
Let q(d) = -d**2 + 120*d - 2931. Give q(34).
-7
Let p(q) = -64*q + 328. What is p(7)?
-120
Let x(a) = -60*a + 967. What is x(16)?
7
Let n(d) = -16*d + 445. What is n(29)?
-19
Let q(b) = -b**3 + 35*b**2 - 30*b - 160. Calculate q(34).
-24
Let s(x) = -2*x**3 - 183*x**2 - 2234*x - 70. Calculate s(-77).
7
Let g(o) = o**3 + 36*o**2 + 129*o + 109. What is g(-32)?
77
Let i(a) = -849*a + 7621. Determine i(9).
-20
Let p(z) = 20*z - 105. Determine p(24).
375
Let g(m) = -m**2 - 175*m - 6642. Determine g(-119).
22
Let o(f) = -4*f**3 - 52*f**2 + 51*f - 74. What is o(-14)?
-4
Let a(f) = 15*f**2 + 4*f. Give a(2).
68
Let t(g) = -g**2 + 25*g + 22. Give t(26).
-4
Let h(g) = -2*g**2 + 24*g + 93. Give h(-10).
-347
Let t(x) = -10*x**2 - 100*x - 44. Give t(-12).
-284
Let z(g) = 2*g**2 + 71*g - 283. What is z(-38)?
-93
Let u(g) = -g**2 + 113*g + 5361. Give u(-36).
-3
Let f(q) = -2*q**2 + 253*q + 10517. Determine f(-33).
-10
Let b(s) = -s**3 - 64*s**2 + 129*s - 194. What is b(-66)?
4
Let l(k) = k**3 + 11*k**2 - 21*k + 24. Calculate l(-12).
132
Let c(t) = -470*t + 471. What is c(1)?
1
Let y(t) = 182*t + 938. What is y(-5)?
28
Let w(u) = -u**3 - 19*u**2 - 102*u - 855. Determine w(-16).
9
Let q(a) = 82*a**2 + 1725*a + 6. Give q(-21).
-57
Let t(f) = 35*f**2 - 536*f - 1011. What is t(17)?
-8
Let g(y) = y**2 - 469*y + 3247. What is g(7)?
13
Let j(x) = 3113*x - 18678. Give j(6).
0
Let g(a) = a**3 + 61*a**2 - 127*a + 84. What is g(-63)?
147
Let w(a) = -4*a - 186. Calculate w(13).
-238
Let d(y) = -y**2 + 126*y - 2467. What is d(24)?
-19
Let h(b) = -2*b**3 + 65*b**2 + 25*b + 2. Determine h(33).
-262
Let j(h) = -h**2 - 3*h + 43. Determine j(7).
-27
Let h(i) = -i**3 - 13*i**2 - 18*i + 53. Determine h(-11).
9
Let d(a) = -227*a - 7944. Give d(-35).
1
Let b(q) = -13*q**2 + 572*q - 3. Determine b(44).
-3
Let v(t) = -57*t + 2109. What is v(37)?
0
Let v(g) = 3*g**2 + 121*g - 931. What is v(-47)?
9
Let m(d) = 1026*d + 2041. What is m(-2)?
-11
Let x(l) = 20*l**3 - 2*l + 1. Give x(-1).
-17
Let y(x) = 324*x + 7790. Ca